-4*y. Is 8 a factor of y?
True
Let q = -10 + 39. Is q a multiple of 12?
False
Let q(h) = -23*h + 3. Let c be 4 - (10 + 1 + -4). Is 12 a factor of q(c)?
True
Let k = 439 + -297. Is 27 a factor of k?
False
Let j be 77 + (-2)/((-2)/3). Suppose -3*w - w = -j. Is 5 a factor of w?
True
Suppose 77 = -3*r + 4*r. Let d = 58 - 99. Let j = r + d. Does 16 divide j?
False
Suppose -4*h = 12, 0 = -5*p - 0*p - h + 22. Suppose 0 = 5*z - r - 3*r - 196, p*z + 2*r = 172. Is z a multiple of 12?
True
Let o = 3 - -1. Suppose -16 = -o*u - 4. Is 6 a factor of 1 + u*15/9?
True
Suppose -2*f - f - 6 = 0. Let s be ((0/3)/3)/f. Does 3 divide (s - 9)/((-6)/4)?
True
Suppose 4*p = -2*m + 20, 4*m - 8 = -2*p + 2. Let d(v) = -17*v**2 + 2*v + 2. Let a(f) = -34*f**2 + 4*f + 3. Let b(x) = p*d(x) - 3*a(x). Is 7 a factor of b(1)?
False
Let d = 70 + -33. Let r be 2 + -1 - 675/(-9). Let p = r - d. Is 14 a factor of p?
False
Let w = 2 + -2. Suppose 2*i - 8 = w, 0*l = -2*l - 3*i + 20. Suppose 2*z = -5*x + z + 17, 5*x - 8 = -l*z. Does 3 divide x?
False
Let y be -2 + 1 + (-4)/(-2). Let t = -1 + y. Suppose 3*j = -t + 15. Does 5 divide j?
True
Let i be 176/6 - (-2)/3. Suppose 100 = 5*v + i. Is 0/3 + v/2 a multiple of 7?
True
Suppose 53 = 2*b - o, -4*b + 81 = -b - 3*o. Is b a multiple of 4?
False
Suppose -73 - 227 = -4*n. Is 17 a factor of n?
False
Let t = -10 + 28. Is t even?
True
Suppose 4*z - 7 = -23, 0 = 4*t - 3*z - 52. Does 3 divide t?
False
Let l be 10/45 - 34/(-9). Let o be (3/1 - 2) + l. Let w = -3 + o. Is 2 a factor of w?
True
Suppose 5*n + 2*z = 7*z + 15, 22 = 5*n + 2*z. Is n even?
True
Is (-4 - 10)/(3/(-6)) a multiple of 7?
True
Suppose 5*r + 2*o - 6*o - 22 = 0, 5*o = -2*r - 11. Let z(j) = 4 - j**3 - 7*j - j**2 + 6*j**2 + j**r. Is z(4) a multiple of 4?
True
Let z = 16 + -4. Is z a multiple of 12?
True
Suppose -8*c + 254 = -354. Is 10 a factor of c?
False
Let o(h) be the second derivative of 7*h**4/24 - h**2 - 2*h. Let s(x) be the first derivative of o(x). Does 6 divide s(2)?
False
Suppose -4 = -2*n + n. Suppose 0*i = n*i - 32. Does 3 divide i?
False
Is 9 a factor of 3/1 - (-38 - -6)?
False
Suppose -1 = 2*r - 5*j, -5*r - 5*j - 18 = -2*j. Let s = r + 2. Does 13 divide 29 + -1 - (s - -3)?
True
Suppose 4*v + 44 = 168. Suppose 4*m - k - v = 0, 2*m + 3*m = -5*k + 45. Does 8 divide m?
True
Let l = 157 + -8. Suppose -l = -5*i - j, 2*i - 96 + 39 = -3*j. Is i a multiple of 6?
True
Let c(s) be the second derivative of s**3/6 + 2*s**2 + 2*s. Is c(4) a multiple of 8?
True
Let r = 98 + -54. Is r a multiple of 13?
False
Suppose 0 = -3*i + 7*i - 168. Does 11 divide i?
False
Let b = -6 + 19. Suppose 2*g - g = b. Is g a multiple of 13?
True
Let i(m) = m**3 - 4*m**2 + 4*m + 15. Does 38 divide i(7)?
True
Let i be 4*(-2 - (-3)/4). Let g(p) = -7*p - 5. Does 11 divide g(i)?
False
Let t(b) be the first derivative of b**5/60 - b**4/6 + b**3 + 2. Let y(g) be the third derivative of t(g). Is y(6) a multiple of 4?
True
Let f(u) = -u**3 - 7*u**2 + 12*u - 10. Is 20 a factor of f(-9)?
False
Is -75*2*8/(-10) a multiple of 31?
False
Suppose 2*o - 45 = 3*m - 6, 4*m - 36 = -o. Is 14 a factor of o?
False
Let m(c) = -c**3 - 12*c**2 + 23*c + 12. Is m(-15) a multiple of 37?
False
Let v = -13 + 127. Is v a multiple of 19?
True
Suppose -2*p - 102 - 46 = 0. Let r be p/(-14) - 6/21. Suppose 3*o = w - 2, 0 = w - 5*w + r*o + 22. Is w a multiple of 6?
False
Let m = -57 + 111. Is m a multiple of 9?
True
Let l = 10 + 26. Is 12 a factor of l?
True
Suppose -3*m - m - 3*k = -103, 3*k = -m + 37. Does 7 divide m?
False
Suppose -4*z - 3*o + 53 = -0*o, 0 = 2*z - 5*o - 33. Is z a multiple of 3?
False
Let a(o) = o**3 + 4*o**2 + 2*o. Let j be a(-3). Suppose -4*i = -f - 108, 0 = j*i + 3*f - 38 - 58. Suppose 0*m + i = m. Is m a multiple of 14?
True
Let c = 326 + -208. Suppose 0*y + c = -2*y. Let x = -39 - y. Is 10 a factor of x?
True
Suppose 7*w + 0*w = 147. Does 2 divide w?
False
Let q(o) be the first derivative of o**3/3 - 3*o**2/2 - 13*o - 9. Is q(7) a multiple of 5?
True
Let m(f) = -f**3 + 15*f**2 + 6*f - 21. Is m(15) a multiple of 8?
False
Suppose -5*i = 3*n - 54, 5*n - 6 = 9. Suppose 2*r - i = -r. Suppose -3*v + 65 + 17 = -4*b, r*b + 24 = v. Is v a multiple of 9?
False
Suppose 10*d = 2*d + 720. Is 15 a factor of d?
True
Let x be 30/(-8) + (-6)/(-8). Does 15 divide ((-14)/6 - x)*45?
True
Suppose 156 = 4*q - 3*u, 0*u + 4*u + 196 = 5*q. Is 6 a factor of q?
True
Let g = 6 - 4. Suppose 5*h + g*y - 19 = 0, -y = 4*y - 10. Suppose -2*a = -19 - h. Is 5 a factor of a?
False
Let c(m) = m**3 + 3*m**2 + m + 3. Let q be c(-3). Suppose -56 = -q*z - 4*z. Suppose k - t = 2*k - z, 0 = k - t - 8. Is 6 a factor of k?
False
Let j = -13 - -29. Does 16 divide j?
True
Let q = 567 + -965. Is (-2)/9 - q/9 a multiple of 22?
True
Suppose -6*l = -8*l + 388. Is l a multiple of 33?
False
Is 9 a factor of (92/(-6))/(2/(-18)) + -3?
True
Let v(i) = 9*i - 11. Is v(10) a multiple of 17?
False
Suppose -173*w + 175*w = 44. Is w a multiple of 11?
True
Let b(s) = -s**2 + 4*s. Let g be b(2). Let m(x) = 5*x - 6. Is 14 a factor of m(g)?
True
Let v(q) = 4 + q - 4 - 1. Is v(9) a multiple of 5?
False
Suppose 10 + 9 = -o - 5*n, 3*n = -o - 9. Suppose -5*b - o*g = -2*g + 48, 5*b - 2*g = -36. Let f = b - -14. Is 4 a factor of f?
False
Suppose -2*z - 16 = 5*m + 10, -4*m - 16 = 4*z. Let d = m + 12. Is d a multiple of 5?
False
Let f(z) = z**3 + 7*z**2 + 3*z + 5. Let d be f(-7). Let m = d + 41. Is m a multiple of 7?
False
Suppose -2*f - 7 = -103. Is 11 a factor of f?
False
Let l = -2 + 3. Suppose -m = 6 - l. Does 11 divide (-108)/m + 4/10?
True
Suppose -7*t + 6*t + 108 = 0. Is 12 a factor of t?
True
Suppose -2*x + 2*d = -0*d - 10, 4*d + 20 = -2*x. Suppose x = 2*w - 53 - 55. Is w a multiple of 27?
True
Suppose -5*n + 37 = -4*h, 4*h + 36 = 4*n - 0*n. Let z(i) = -3 - 3 - i - i. Is 7 a factor of z(h)?
False
Let i be 0 - (14 + -2)/(-3). Suppose i*m - 2*v = 202, -5*m - 86 = v - 342. Is m a multiple of 14?
False
Let m = -66 + 162. Does 6 divide m?
True
Let y(d) = d**3 + 11*d**2 - 11*d + 16. Does 3 divide y(-12)?
False
Suppose -4*i - 6 = 5*l, 5*l - 4*i - 30 = i. Suppose 15 = l*f - f. Is f a multiple of 15?
True
Let b(u) = 50*u - 19. Is 22 a factor of b(4)?
False
Let l(w) = w**2 - 2*w + 2. Let o be l(4). Is (-1218)/(-35) + 2/o a multiple of 16?
False
Let l(q) = 13*q + 3. Is 8 a factor of l(4)?
False
Let v(l) = l**3 + 2*l**2 - 1. Let z be v(-1). Suppose z = 4*j - 2*j - 24. Is j a multiple of 4?
True
Let q(b) = 4*b - 7. Let o(r) = -2*r - 4. Let u be o(-3). Suppose 4*f - 4*v - 16 = -u*v, -5*f - 4*v = -46. Is 8 a factor of q(f)?
False
Suppose 3*q - 246 = -3*f, -q + 158 = q - f. Does 20 divide q?
True
Suppose 2*n - x - 43 = 0, -4*n + x - 97 = -9*n. Is 7 a factor of n?
False
Suppose 0 = 3*q + 4*k + 19, -3*q - 3 = -2*k - 8. Let p(i) = -i**2 + 6*i - 7. Let m be p(5). Does 5 divide (-20)/2*q - m?
False
Let n be (-78)/(-4) - 2/(-4). Let y = n - 9. Suppose 0 = 2*q - y - 13. Is q a multiple of 6?
True
Suppose -5*t + 0*t - 25 = 0. Let n be ((-12)/5)/(-2)*t. Let j = 14 + n. Is j a multiple of 4?
True
Let j(b) = 3*b**2 - 3*b + 4. Let s(y) = -2*y - 6. Let n be s(-5). Let i = 7 - n. Does 9 divide j(i)?
False
Suppose 154 = 3*y - 32. Is 8 a factor of y?
False
Suppose n + 4*n = 0. Suppose n = 5*t - 3*j + 27, 4*j - 11 = -3*t - j. Is 16 a factor of 20/t*(-1 - 5)?
False
Suppose 3*t + 117 = -5*y - 150, -5*t + 221 = -4*y. Let n = 83 + y. Does 14 divide (1 - (0 - -2)) + n?
True
Does 13 divide ((-94)/4)/(5/(-10))?
False
Suppose 5*q = -3*j - 10 + 42, 5*q - 4*j = 4. Is q a multiple of 3?
False
Let i = -52 - -113. Suppose -2*l + 53 = -i. Does 19 divide l?
True
Suppose 5 = 4*s - 3, -5*m + 5*s = -300. Does 24 divide m?
False
Suppose 37*d = 31*d + 210. Is d a multiple of 7?
True
Let b(p) = -p**3 - 4*p**2 - p + 3. Let d be b(-4). Suppose m - d*m = -120. Is m a multiple of 14?
False
Let s(v) be the first derivative of v**3/3 + v**2/2 + 4*v + 5. Does 13 divide s(-4)?
False
Let i(y) = y**3 - 7*y**2 - y + 7. Let w be i(7). Suppose -3*m = -2*m - 75. Suppose -5*p - 5 = w, p + m = 5*l + 6*p. Is 8 a factor of l?
True
Let g(r) = -4*r. Let l be g(-1). Suppose -l = 4*k - 12. Suppose 0 = -0*v - k*v + 60. Does 9 divide v?
False
Suppose 0 = -2*s + 42 + 6. Let r = s + 8. Does 15 divide r?
False
Suppose 0 = -4*s - 7 + 19. Suppose 12 = s*d -